-14*o - 411. Determine z(-36).
93
Let n(z) = -4*z - 142. Determine n(-39).
14
Let j(m) = -382*m - 7625. What is j(-20)?
15
Let v(y) = -10*y**3 - 11*y**2 - 16*y + 16. Calculate v(-3).
235
Let y(x) = -111*x - 266. What is y(-7)?
511
Let f(g) = 3*g**2 - 6992*g + 41838. Calculate f(6).
-6
Let q(d) = d**3 + 79*d**2 + 595*d - 27. What is q(-9)?
288
Let d(l) = 1798*l - 23363. Determine d(13).
11
Let b(s) = 24*s - 520. Determine b(18).
-88
Let h(q) = -3*q**3 + 35*q**2 - 3*q - 65. Give h(11).
144
Let b(l) = 3119*l - 21835. Calculate b(7).
-2
Let f(h) = -41*h + 185. Give f(0).
185
Let b(a) = 2894*a**2 - 2905*a + 1. Determine b(1).
-10
Let h(f) = f**2 - 38*f + 343. Determine h(21).
-14
Let b(c) = 107*c**2 + 607*c + 5. Calculate b(-5).
-355
Let k(g) = 54*g**2 + 2*g - 32. What is k(0)?
-32
Let t(b) = -1799*b + 5442. Calculate t(3).
45
Let g(a) = 314*a + 31081. Give g(-99).
-5
Let j(s) = 2360*s - 4639. Calculate j(2).
81
Let b(w) = 2*w**3 - 77*w**2 + 37*w - 84. Calculate b(38).
-122
Let d(c) = -86126*c + 86127. Give d(1).
1
Let b(x) = 2*x**2 + 115*x + 758. Determine b(-50).
8
Let o(k) = -2*k**3 + 54*k**2 - 54*k + 47. Determine o(26).
-5
Let z(m) = 12*m - 427. Give z(39).
41
Let w(x) = x**3 - 13*x**2 + 9*x - 46. Calculate w(11).
-189
Let u(z) = -33*z - 146. Give u(5).
-311
Let m(j) = 68*j**3 + j**2 - 63*j + 62. Determine m(1).
68
Let a(o) = 3*o**3 - 12*o**2 + 18*o - 7. Calculate a(2).
5
Let z(q) = q**3 + 23*q**2 + 30*q + 61. Determine z(-22).
-115
Let w(y) = 3*y**3 + 14*y**2 + 35*y - 9. Calculate w(-4).
-117
Let f(g) = -5*g - 35. Calculate f(-11).
20
Let o(c) = 28*c - 178. Give o(8).
46
Let v(t) = -7*t**2 + 39*t - 38. What is v(4)?
6
Let j(t) = -5*t**2 - 199*t - 3. Determine j(0).
-3
Let q(a) = -21*a**2 + 59*a + 1. Calculate q(3).
-11
Let u(d) = 974*d + 11671. Give u(-12).
-17
Let w(v) = 2*v**2 - 63*v + 366. Determine w(8).
-10
Let l(t) = 43*t**2 - 307*t + 18. Calculate l(7).
-24
Let u(f) = -2890*f + 17348. Calculate u(6).
8
Let j(y) = y**3 + 14*y**2 - 28*y - 91. Give j(-11).
580
Let z(j) = 24*j + 1788. What is z(-78)?
-84
Let g(x) = x**3 + x**2 - 9*x + 26. Calculate g(0).
26
Let r(t) = -t**3 + 11*t**2 - 19*t + 7. Give r(8).
47
Let d(t) = 2*t**2 + 200*t + 4808. Calculate d(-40).
8
Let r(w) = -w**2 - 15*w + 210. What is r(-24)?
-6
Let f(k) = -8*k**2 + 1174*k + 343. Calculate f(147).
49
Let s(o) = -11820*o - 106381. What is s(-9)?
-1
Let h(o) = -342*o - 9578. What is h(-28)?
-2
Let o(j) = -30*j**2 + 172*j + 9. Calculate o(5).
119
Let x(j) = j**3 - 51*j**2 - 48*j - 148. Give x(52).
60
Let b(d) = d**3 + 34*d**2 - 106*d + 180. What is b(-37)?
-5
Let t(k) = -k**3 - k**2 + 23*k - 35. Give t(-6).
7
Let u(q) = q**3 - 26*q**2 + 162*q + 52. Give u(13).
-39
Let p(c) = 9*c + 39. What is p(-17)?
-114
Let m(d) = -d**2 - 87*d - 551. What is m(-7)?
9
Let s(r) = -r**3 - r**2 + 4*r + 4. Give s(-5).
84
Let h(o) = -o**3 + 11*o**2 - o - 146. Give h(9).
7
Let n(r) = -r**2 - 51*r - 360. Give n(-9).
18
Let h(a) = 9*a**3 - 855*a**2 - a + 99. Give h(95).
4
Let x(o) = o**3 - 33*o**2 - 89*o + 671. Give x(35).
6
Let z(k) = 111*k + 1929. Determine z(-17).
42
Let c(s) = s**2 + 23*s + 142. Determine c(-10).
12
Let m(g) = 117*g - 12290. Determine m(105).
-5
Let m(p) = -2*p**2 - 877*p + 9912. Determine m(11).
23
Let c(g) = 423*g - 66437. What is c(157)?
-26
Let d(t) = -610*t - 11590. Calculate d(-19).
0
Let p(o) = -o**2 + 6890*o - 41336. Determine p(6).
-32
Let h(p) = -88*p - 512. What is h(-5)?
-72
Let u(n) = -n**2 - 4*n - 209. What is u(0)?
-209
Let r(m) = 8*m**2 + 8*m - 10. Calculate r(-3).
38
Let q(t) = -41*t - 2739. Give q(-67).
8
Let t(x) = x**3 - 31*x**2 + 21*x + 348. Calculate t(30).
78
Let c(h) = -h**2 - 5*h + 148. What is c(-12)?
64
Let f(r) = -4*r**2 - 17*r + 8. Determine f(-7).
-69
Let a(x) = 2*x**3 - 56*x**2 - 4*x + 115. Calculate a(28).
3
Let t(v) = v**3 - 29*v**2 + 8*v - 175. Determine t(29).
57
Let f(x) = -5*x**3 - 50*x**2 + 202*x + 91. Calculate f(-13).
0
Let k(a) = 3990*a + 59853. Determine k(-15).
3
Let w(d) = -8*d - 74. Calculate w(-14).
38
Let c(o) = 221*o - 13677. Calculate c(62).
25
Let z(c) = 3*c**2 - 25*c + 266. Determine z(7).
238
Let c(t) = t**3 + 30*t**2 - 41*t - 314. Calculate c(-31).
-4
Let o(l) = l**3 + 45*l**2 + 126*l - 25. Calculate o(-42).
-25
Let s(r) = 2*r**2 - 81*r - 129. Give s(38).
-319
Let v(f) = -56*f - 4522. What is v(-81)?
14
Let v(g) = 2*g**3 + 100*g**2 + 3*g + 130. What is v(-50)?
-20
Let d(x) = -456*x - 12316. Determine d(-27).
-4
Let x(f) = 97*f + 871. What is x(-9)?
-2
Let n(k) = 401*k - 56989. Calculate n(142).
-47
Let w(x) = -x**2 + 39*x + 60. What is w(42)?
-66
Let f(a) = 3*a**2 - 296*a + 2181. Give f(8).
5
Let t(x) = 16*x**3 + 116*x**2 - x - 12. Determine t(-7).
191
Let f(r) = -r**3 - 34*r**2 - 15*r - 45. Give f(-34).
465
Let b(c) = -3*c**3 - 2*c**2 - 66*c - 124. Determine b(-2).
24
Let v(t) = 54*t + 5360. What is v(-98)?
68
Let c(v) = -v**3 - 16*v**2 + 10*v - 192. What is c(-17)?
-73
Let q(d) = -574*d**2 + 78*d - 77. Determine q(1).
-573
Let f(x) = -58*x + 344. Determine f(5).
54
Let y(v) = v**3 + 26*v**2 + 151*v + 74. Calculate y(-18).
-52
Let b(p) = -p**3 + 12*p**2 + 161*p - 14. Give b(20).
6
Let o(k) = 116*k**2 - 31*k + 31. Give o(1).
116
Let z(g) = -2*g - 197. Give z(4).
-205
Let g(l) = -55*l + 701. Determine g(15).
-124
Let w(x) = 5*x**2 - 4*x - 22. Calculate w(-3).
35
Let y(c) = 8*c**2 - 256*c + 256. Give y(1).
8
Let u(a) = a**2 + 97*a + 2329. What is u(-50)?
-21
Let h(u) = u**3 + 6*u**2 + 12*u + 7. What is h(-5)?
-28
Let y(t) = 48*t - 1728. Calculate y(44).
384
Let i(y) = -171*y + 8376. Give i(49).
-3
Let h(r) = r**2 - 2*r - 37. What is h(10)?
43
Let c(v) = -8*v**2 - 127*v + 13. Determine c(-12).
385
Let s(p) = -p**3 + p**2 + 764*p - 1529. Determine s(2).
-5
Let w(i) = -i**3 + 26*i**2 + 478*i - 829. What is w(38)?
7
Let s(t) = -3*t**2 + 127*t - 134. Determine s(41).
30
Let o(p) = 2*p**2 - 126*p + 118. Determine o(62).
-6
Let z(y) = 1004*y + 1021. Give z(-1).
17
Let t(r) = r**3 + 4*r**2 - 2201*r - 10975. Determine t(-5).
5
Let n(h) = -16056*h - 64213. Calculate n(-4).
11
Let r(v) = -65*v + 506. Determine r(8).
-14
Let w(x) = -43*x - 6282. Give w(-146).
-4
Let b(z) = 53*z - 321. Determine b(6).
-3
Let p(q) = 2*q**2 + 899*q + 3571. What is p(-4)?
7
Let l(z) = 164*z + 973. Determine l(-6).
-11
Let w(v) = -v**3 - 4*v**2 + 3*v - 18. What is w(0)?
-18
Let c(g) = -74*g - 96. What is c(-1)?
-22
Let z(j) = -j**3 - 15*j**2 - 55*j + 33. What is z(-11)?
154
Let z(p) = -p**3 + 11*p**2 - 6*p + 24. What is z(7)?
178
Let d(z) = z**3 + 3*z**2 - 15*z + 32. Calculate d(3).
41
Let b(g) = -g**3 + 14*g**2 + 629*g - 59. Give b(33).
7
Let o(z) = -17411*z - 121875. Determine o(-7).
2
Let j(z) = 4*z**2 + 54*z - 81. Give j(-15).
9
Let i(m) = 2*m**3 - 170. Determine i(0).
-170
Let r(h) = -41*h - 881. What is r(-21)?
-20
Let n(s) = -119*s - 2018. What is n(-17)?
5
Let d(h) = -h**3 - 7*h**2 - 300*h - 1727. Determine d(-6).
37
Let q(a) = -2*a**3 + a**2 - 2. Determine q(0).
-2
Let l(b) = -323*b + 992. What is l(3)?
23
Let a(l) = 2*l**3 - 10*l**2 + 23*l - 8. Calculate a(5).
107
Let p(w) = w**2 - 12*w - 11. Calculate p(12).
-11
Let y(w) = 15*w**3 - 254*w**2 - 15*w - 29. What is y(17)?
5
Let n(z) = z**2 + 58*z - 1127. What is n(15)?
-32
Let o(s) = 6*s**2 + 340*s + 100. What is o(-56)?
-124
Let k(r) = -9*r + 2. Determine k(7).
-61
Let c(t) = -2*t**3 + 20*t**2 - 16*t - 186. Give c(6).
6
Let w(t) = 574*t**2 - 23534*t + 5. What is w(41)?
5
Let n(c) = 38*c + 2571. Give n(-68).
-13
Let f(n) = n**3 + 4*n**2 + 27*n + 117. Calculate f(-4).
9
Let k(x) = -4*x**3 - 57*x**2 - 171*x + 2. Determine k(-4).
30
Let x(s) = s**2 - 14*s - 157. Determine x(-6).
-37
Let i(t) = -48*t - 778. Determine i(-15).
-58
Let s(j) = -2*j**3 - 62*j**2 + 126*j - 116. What is s(-33)?
82
Let g(w) = w**3 - 2*w**2 + 42*w + 8. What is g(0)?
8
Let g(z) = 16*z**2 - 10*z - 10. What is g(-2)?
74
Let u(j) = j**3 - 12*j**2 - 6*j - 82. Calculate u(13).
9
Let d(l) = -l**3 - 113*l**2 - 126*l - 1579. What is d(-112)?
-11
Let a(i) = 21*i - 3. What is a(-1)?
-24
Let u(r) = -r**3 - r**2 - 33*r - 97. Calculate u(-3).
20
Let u(x) = x**3 - 7*x**2 - 19*x + 6. What is u(8)?
-82
Let v(d) = 1262*d + 59310. Determine v(-47).
-4
Let p(w) = -8603*w - 25814. Determine p(-3).
-5
Let i(l) = 77*l - 1220. What is i(16)?
12
Let q(x)